{"id":167,"date":"2018-06-05T07:49:09","date_gmt":"2018-06-05T07:49:09","guid":{"rendered":"http:\/\/bridge246.qodeinteractive.com\/?page_id=167"},"modified":"2025-04-10T10:45:03","modified_gmt":"2025-04-10T10:45:03","slug":"o-mnie","status":"publish","type":"page","link":"https:\/\/kaczowkafizjoterapia.pl\/index.php\/o-mnie\/","title":{"rendered":"O mnie"},"content":{"rendered":"<div class=\"wpb-content-wrapper\"><p>[vc_row css_animation=&#8221;&#8221; row_type=&#8221;row&#8221; use_row_as_full_screen_section=&#8221;no&#8221; type=&#8221;grid&#8221; angled_section=&#8221;no&#8221; text_align=&#8221;left&#8221; background_image_as_pattern=&#8221;without_pattern&#8221; z_index=&#8221;&#8221;][vc_column][vc_empty_space height=&#8221;40px&#8221;][vc_empty_space height=&#8221;40px&#8221;][vc_column_text css=&#8221;&#8221;]<\/p>\n<h2 style=\"text-align: center;\"><strong>MOJE DO\u015aWIADCZENIE:<\/strong><\/h2>\n<p>[\/vc_column_text][vc_empty_space height=&#8221;40px&#8221;][vc_column_text css=&#8221;&#8221;]<\/p>\n<p class=\"p3\" style=\"text-align: center;\"><span style=\"color: #000000;\">Jestem <span class=\"s1\"><b>do\u015bwiadczonym fizjoterapeut\u0105<\/b><\/span> z tytu\u0142em magistra wychowania fizycznego, uzyskanym w 2009 roku na Akademii Wychowania Fizycznego we Wroc\u0142awiu. Swoje do\u015bwiadczenie zawodowe zdobywa\u0142em zar\u00f3wno w Polsce, jak i za granic\u0105. Po uko\u0144czeniu studi\u00f3w wyjecha\u0142em do <span class=\"s1\"><b>Francji<\/b><\/span>, gdzie pracowa\u0142em w prywatnych gabinetach z pacjentami ortopedycznymi, sportowcami oraz dzie\u0107mi.<\/span><\/p>\n<p>&nbsp;<\/p>\n<p class=\"p3\" style=\"text-align: center;\"><span style=\"color: #000000;\">Przez lata uko\u0144czy\u0142em liczne <span class=\"s1\"><b>kursy specjalistyczne<\/b><\/span>, m.in. z zakresu <span class=\"s1\"><b>terapii manualnej, PNF (Proprioceptive Neuromuscular Facilitation), terapii Busquet<\/b><\/span>, co pozwala mi skutecznie diagnozowa\u0107 i leczy\u0107 r\u00f3\u017cnorodne schorzenia.<\/span><\/p>\n<p>[\/vc_column_text][vc_empty_space height=&#8221;40px&#8221;][vc_row_inner row_type=&#8221;row&#8221; type=&#8221;full_width&#8221; text_align=&#8221;left&#8221; css_animation=&#8221;&#8221;][vc_column_inner width=&#8221;1\/2&#8243;][vc_empty_space height=&#8221;40px&#8221;][vc_empty_space height=&#8221;40px&#8221;][vc_column_text css=&#8221;&#8221;]<\/p>\n<h2 style=\"text-align: center;\"><b>Nowoczesne podej\u015bcie \u2013 unikalne po\u0142\u0105czenie terapii Busquet i technologii Winback<\/b><\/h2>\n<p>[\/vc_column_text][vc_empty_space height=&#8221;20px&#8221;][vc_column_text css=&#8221;&#8221;]<\/p>\n<p class=\"p3\" style=\"text-align: center;\"><span style=\"color: #000000;\">W moim gabinecie oferuj\u0119 <span class=\"s1\"><b>kompleksow\u0105 terapi\u0119<\/b><\/span>, \u0142\u0105cz\u0105c\u0105 <span class=\"s1\"><b>metod\u0119 Leopolda Busqueta<\/b><\/span> z <span class=\"s1\"><b>zaawansowan\u0105 technologi\u0105 Winback<\/b><\/span>. Jako jedyny w regionie stosuj\u0119 to unikalne po\u0142\u0105czenie, co pozwala osi\u0105gn\u0105\u0107 wyj\u0105tkow\u0105 skuteczno\u015b\u0107 w leczeniu b\u00f3lu i dysfunkcji mi\u0119\u015bniowo-powi\u0119ziowych.<\/span><\/p>\n<p>&nbsp;<\/p>\n<p class=\"p3\" style=\"text-align: center;\"><span style=\"color: #000000;\">&#x1f539; <span class=\"s1\"><b>Terapia Winback<\/b><\/span> \u2013 wykorzystuje fale radiowe do <span class=\"s1\"><b>stymulacji naturalnych proces\u00f3w regeneracyjnych<\/b><\/span>, przyspieszaj\u0105c gojenie, redukuj\u0105c b\u00f3l i poprawiaj\u0105c zakres ruchu.<\/span><\/p>\n<p class=\"p3\" style=\"text-align: center;\"><span style=\"color: #000000;\">&#x1f539; <span class=\"s1\"><b>Metoda Busqueta<\/b><\/span> \u2013 analizuje <span class=\"s1\"><b>\u0142a\u0144cuchy mi\u0119\u015bniowe i powi\u0119ziowe<\/b><\/span>, pomagaj\u0105c zidentyfikowa\u0107 i eliminowa\u0107 pierwotne przyczyny b\u00f3lu oraz zaburze\u0144 postawy.<\/span><\/p>\n<p>&nbsp;<\/p>\n<p class=\"p4\" style=\"text-align: center;\"><span style=\"color: #000000;\"><span class=\"s2\">Dzi\u0119ki tej synergii <\/span><b>leczenie jest kompleksowe, skuteczne i dostosowane do indywidualnych potrzeb pacjenta<\/b><span class=\"s2\">.<\/span><\/span><\/p>\n<p>[\/vc_column_text][\/vc_column_inner][vc_column_inner width=&#8221;1\/2&#8243;][vc_single_image image=&#8221;238&#8243; img_size=&#8221;full&#8221; css=&#8221;&#8221; qode_css_animation=&#8221;&#8221;][\/vc_column_inner][\/vc_row_inner][vc_empty_space height=&#8221;40px&#8221;][vc_empty_space height=&#8221;40px&#8221;][vc_empty_space height=&#8221;40px&#8221;][vc_empty_space height=&#8221;40px&#8221;][vc_column_text css=&#8221;&#8221;]<\/p>\n<h2 class=\"p1\" style=\"text-align: center;\"><span style=\"color: #000000;\"><b>Technologie wspomagaj\u0105ce rehabilitacj\u0119:<\/b><\/span><\/h2>\n<p>[\/vc_column_text][vc_empty_space height=&#8221;20px&#8221;][vc_column_text css=&#8221;&#8221;]<\/p>\n<h3 class=\"p1\" style=\"text-align: center;\"><span style=\"color: #000000;\"><b>Aparat Winback<\/b><b><\/b><\/span><\/h3>\n<p class=\"p3\" style=\"text-align: center;\"><span style=\"color: #000000;\">&#x2714; <span class=\"s1\"><b>Technologia TECAR<\/b><\/span> \u2013 wykorzystuje <span class=\"s1\"><b>energi\u0119 radiow\u0105<\/b><\/span> do g\u0142\u0119bokiej stymulacji tkanek.<\/span><\/p>\n<p class=\"p3\" style=\"text-align: center;\"><span style=\"color: #000000;\">&#x2714; <span class=\"s1\"><b>CET (Capacitive Energy Transfer)<\/b><\/span> \u2013 skupia si\u0119 na leczeniu tkanek mi\u0119kkich, np. mi\u0119\u015bni i wi\u0119zade\u0142.<\/span><\/p>\n<p class=\"p3\" style=\"text-align: center;\"><span style=\"color: #000000;\">&#x2714; <span class=\"s1\"><b>RET (Resistive Energy Transfer)<\/b><\/span> \u2013 dzia\u0142a na struktury twarde, takie jak stawy i ko\u015bci.<\/span><\/p>\n<p class=\"p3\" style=\"text-align: center;\"><span style=\"color: #000000;\">Dzi\u0119ki <span class=\"s1\"><b>podgrzewaniu g\u0142\u0119bokich warstw tkanek<\/b><\/span>, poprawia kr\u0105\u017cenie krwi, <span class=\"s1\"><b>przyspiesza regeneracj\u0119<\/b><\/span> oraz minimalizuje dolegliwo\u015bci b\u00f3lowe.<\/span><\/p>\n<p class=\"p5\" style=\"text-align: center;\"><span style=\"color: #000000;\"><b>Aparat Compex<\/b><b><\/b><\/span><\/p>\n<p class=\"p3\" style=\"text-align: center;\"><span style=\"color: #000000;\">&#x2714; Stosuje <span class=\"s1\"><b>impulsy elektryczne<\/b><\/span> do stymulacji mi\u0119\u015bni.<\/span><\/p>\n<p class=\"p3\" style=\"text-align: center;\"><span style=\"color: #000000;\">&#x2714; Wspiera <span class=\"s1\"><b>odbudow\u0119 mi\u0119\u015bni po urazach<\/b><\/span>, poprawia si\u0142\u0119 i wytrzyma\u0142o\u015b\u0107.<\/span><\/p>\n<p class=\"p3\" style=\"text-align: center;\"><span style=\"color: #000000;\">&#x2714; Skuteczny zar\u00f3wno w rehabilitacji, jak i w treningu sportowym.<\/span><\/p>\n<p>[\/vc_column_text][vc_empty_space height=&#8221;40px&#8221;]<div class=\"qode-advanced-image-gallery  qode-aig-masonry-type qode-tiny-space   \">\n\t<div class=\"qode-aig-inner qode-outer-space qode-aig-masonry qode-aig-four-columns\">\n\t\t<div class=\"qode-aig-grid-sizer\"><\/div>\n\t\t<div class=\"qode-aig-grid-gutter\"><\/div>\n\t\t\t\t\t\t\t\t<div class=\"qode-aig-image qode-item-space qode-aig-large-height-masonry-item\">\n\t\t\t\t<div class=\"qode-aig-image-inner\">\n\t\t\t\t\t\t\t\t\t\t\t<img fetchpriority=\"high\" decoding=\"async\" width=\"800\" height=\"1600\" src=\"https:\/\/kaczowkafizjoterapia.pl\/wp-content\/uploads\/2025\/03\/fizjoterapia-gabinet.jpg\" class=\"attachment-full size-full\" alt=\"\" srcset=\"https:\/\/kaczowkafizjoterapia.pl\/wp-content\/uploads\/2025\/03\/fizjoterapia-gabinet.jpg 800w, https:\/\/kaczowkafizjoterapia.pl\/wp-content\/uploads\/2025\/03\/fizjoterapia-gabinet-600x1200.jpg 600w, https:\/\/kaczowkafizjoterapia.pl\/wp-content\/uploads\/2025\/03\/fizjoterapia-gabinet-150x300.jpg 150w, https:\/\/kaczowkafizjoterapia.pl\/wp-content\/uploads\/2025\/03\/fizjoterapia-gabinet-512x1024.jpg 512w, https:\/\/kaczowkafizjoterapia.pl\/wp-content\/uploads\/2025\/03\/fizjoterapia-gabinet-768x1536.jpg 768w, https:\/\/kaczowkafizjoterapia.pl\/wp-content\/uploads\/2025\/03\/fizjoterapia-gabinet-500x1000.jpg 500w, https:\/\/kaczowkafizjoterapia.pl\/wp-content\/uploads\/2025\/03\/fizjoterapia-gabinet-700x1400.jpg 700w, https:\/\/kaczowkafizjoterapia.pl\/wp-content\/uploads\/2025\/03\/fizjoterapia-gabinet-650x1300.jpg 650w\" sizes=\"(max-width: 800px) 100vw, 800px\" \/>\t\t\t\t\t\t<span class=\"aig-gallery-hover\">\n\t\t\t\t\t\t\t\t\t\t\t\t\t<\/span>\n\t\t\t\t\t\t\t\t\t<\/div>\n\t\t\t<\/div>\n\t\t\t\t\t\t\t\t\t\t\t<div class=\"qode-aig-image qode-item-space qode-aig-default-masonry-item\">\n\t\t\t\t<div class=\"qode-aig-image-inner\">\n\t\t\t\t\t\t\t\t\t\t\t<img decoding=\"async\" width=\"800\" height=\"800\" src=\"https:\/\/kaczowkafizjoterapia.pl\/wp-content\/uploads\/2025\/03\/fizjoterapia-skuteczna.jpg\" class=\"attachment-full size-full\" alt=\"\" srcset=\"https:\/\/kaczowkafizjoterapia.pl\/wp-content\/uploads\/2025\/03\/fizjoterapia-skuteczna.jpg 800w, https:\/\/kaczowkafizjoterapia.pl\/wp-content\/uploads\/2025\/03\/fizjoterapia-skuteczna-300x300.jpg 300w, https:\/\/kaczowkafizjoterapia.pl\/wp-content\/uploads\/2025\/03\/fizjoterapia-skuteczna-100x100.jpg 100w, https:\/\/kaczowkafizjoterapia.pl\/wp-content\/uploads\/2025\/03\/fizjoterapia-skuteczna-600x600.jpg 600w, https:\/\/kaczowkafizjoterapia.pl\/wp-content\/uploads\/2025\/03\/fizjoterapia-skuteczna-150x150.jpg 150w, https:\/\/kaczowkafizjoterapia.pl\/wp-content\/uploads\/2025\/03\/fizjoterapia-skuteczna-768x768.jpg 768w, https:\/\/kaczowkafizjoterapia.pl\/wp-content\/uploads\/2025\/03\/fizjoterapia-skuteczna-570x570.jpg 570w, https:\/\/kaczowkafizjoterapia.pl\/wp-content\/uploads\/2025\/03\/fizjoterapia-skuteczna-500x500.jpg 500w, https:\/\/kaczowkafizjoterapia.pl\/wp-content\/uploads\/2025\/03\/fizjoterapia-skuteczna-700x700.jpg 700w, https:\/\/kaczowkafizjoterapia.pl\/wp-content\/uploads\/2025\/03\/fizjoterapia-skuteczna-650x650.jpg 650w\" sizes=\"(max-width: 800px) 100vw, 800px\" \/>\t\t\t\t\t\t<span class=\"aig-gallery-hover\">\n\t\t\t\t\t\t\t\t\t\t\t\t\t<\/span>\n\t\t\t\t\t\t\t\t\t<\/div>\n\t\t\t<\/div>\n\t\t\t\t\t\t\t\t\t\t\t<div class=\"qode-aig-image qode-item-space qode-aig-large-width-masonry-item\">\n\t\t\t\t<div class=\"qode-aig-image-inner\">\n\t\t\t\t\t\t\t\t\t\t\t<img decoding=\"async\" width=\"800\" height=\"400\" src=\"https:\/\/kaczowkafizjoterapia.pl\/wp-content\/uploads\/2025\/03\/fizjoterapia-polecany-gabinet.jpg\" class=\"attachment-full size-full\" alt=\"\" srcset=\"https:\/\/kaczowkafizjoterapia.pl\/wp-content\/uploads\/2025\/03\/fizjoterapia-polecany-gabinet.jpg 800w, https:\/\/kaczowkafizjoterapia.pl\/wp-content\/uploads\/2025\/03\/fizjoterapia-polecany-gabinet-600x300.jpg 600w, https:\/\/kaczowkafizjoterapia.pl\/wp-content\/uploads\/2025\/03\/fizjoterapia-polecany-gabinet-300x150.jpg 300w, https:\/\/kaczowkafizjoterapia.pl\/wp-content\/uploads\/2025\/03\/fizjoterapia-polecany-gabinet-768x384.jpg 768w, https:\/\/kaczowkafizjoterapia.pl\/wp-content\/uploads\/2025\/03\/fizjoterapia-polecany-gabinet-700x350.jpg 700w\" sizes=\"(max-width: 800px) 100vw, 800px\" \/>\t\t\t\t\t\t<span class=\"aig-gallery-hover\">\n\t\t\t\t\t\t\t\t\t\t\t\t\t<\/span>\n\t\t\t\t\t\t\t\t\t<\/div>\n\t\t\t<\/div>\n\t\t\t\t\t\t\t\t\t\t\t<div class=\"qode-aig-image qode-item-space qode-aig-default-masonry-item\">\n\t\t\t\t<div class=\"qode-aig-image-inner\">\n\t\t\t\t\t\t\t\t\t\t\t<img loading=\"lazy\" decoding=\"async\" width=\"800\" height=\"800\" src=\"https:\/\/kaczowkafizjoterapia.pl\/wp-content\/uploads\/2025\/03\/kaczowka-fizjoterapeuta.jpg\" class=\"attachment-full size-full\" alt=\"\" srcset=\"https:\/\/kaczowkafizjoterapia.pl\/wp-content\/uploads\/2025\/03\/kaczowka-fizjoterapeuta.jpg 800w, https:\/\/kaczowkafizjoterapia.pl\/wp-content\/uploads\/2025\/03\/kaczowka-fizjoterapeuta-300x300.jpg 300w, https:\/\/kaczowkafizjoterapia.pl\/wp-content\/uploads\/2025\/03\/kaczowka-fizjoterapeuta-100x100.jpg 100w, https:\/\/kaczowkafizjoterapia.pl\/wp-content\/uploads\/2025\/03\/kaczowka-fizjoterapeuta-600x600.jpg 600w, https:\/\/kaczowkafizjoterapia.pl\/wp-content\/uploads\/2025\/03\/kaczowka-fizjoterapeuta-150x150.jpg 150w, https:\/\/kaczowkafizjoterapia.pl\/wp-content\/uploads\/2025\/03\/kaczowka-fizjoterapeuta-768x768.jpg 768w, https:\/\/kaczowkafizjoterapia.pl\/wp-content\/uploads\/2025\/03\/kaczowka-fizjoterapeuta-570x570.jpg 570w, https:\/\/kaczowkafizjoterapia.pl\/wp-content\/uploads\/2025\/03\/kaczowka-fizjoterapeuta-500x500.jpg 500w, https:\/\/kaczowkafizjoterapia.pl\/wp-content\/uploads\/2025\/03\/kaczowka-fizjoterapeuta-700x700.jpg 700w, https:\/\/kaczowkafizjoterapia.pl\/wp-content\/uploads\/2025\/03\/kaczowka-fizjoterapeuta-650x650.jpg 650w\" sizes=\"(max-width: 800px) 100vw, 800px\" \/>\t\t\t\t\t\t<span class=\"aig-gallery-hover\">\n\t\t\t\t\t\t\t\t\t\t\t\t\t<\/span>\n\t\t\t\t\t\t\t\t\t<\/div>\n\t\t\t<\/div>\n\t\t\t\t\t\t\t\t\t\t\t<div class=\"qode-aig-image qode-item-space qode-aig-default-masonry-item\">\n\t\t\t\t<div class=\"qode-aig-image-inner\">\n\t\t\t\t\t\t\t\t\t\t\t<img loading=\"lazy\" decoding=\"async\" width=\"800\" height=\"800\" src=\"https:\/\/kaczowkafizjoterapia.pl\/wp-content\/uploads\/2025\/03\/fizjoterapia-slask.jpg\" class=\"attachment-full size-full\" alt=\"\" srcset=\"https:\/\/kaczowkafizjoterapia.pl\/wp-content\/uploads\/2025\/03\/fizjoterapia-slask.jpg 800w, https:\/\/kaczowkafizjoterapia.pl\/wp-content\/uploads\/2025\/03\/fizjoterapia-slask-300x300.jpg 300w, https:\/\/kaczowkafizjoterapia.pl\/wp-content\/uploads\/2025\/03\/fizjoterapia-slask-100x100.jpg 100w, https:\/\/kaczowkafizjoterapia.pl\/wp-content\/uploads\/2025\/03\/fizjoterapia-slask-600x600.jpg 600w, https:\/\/kaczowkafizjoterapia.pl\/wp-content\/uploads\/2025\/03\/fizjoterapia-slask-150x150.jpg 150w, https:\/\/kaczowkafizjoterapia.pl\/wp-content\/uploads\/2025\/03\/fizjoterapia-slask-768x768.jpg 768w, https:\/\/kaczowkafizjoterapia.pl\/wp-content\/uploads\/2025\/03\/fizjoterapia-slask-570x570.jpg 570w, https:\/\/kaczowkafizjoterapia.pl\/wp-content\/uploads\/2025\/03\/fizjoterapia-slask-500x500.jpg 500w, https:\/\/kaczowkafizjoterapia.pl\/wp-content\/uploads\/2025\/03\/fizjoterapia-slask-700x700.jpg 700w, https:\/\/kaczowkafizjoterapia.pl\/wp-content\/uploads\/2025\/03\/fizjoterapia-slask-650x650.jpg 650w\" sizes=\"(max-width: 800px) 100vw, 800px\" \/>\t\t\t\t\t\t<span class=\"aig-gallery-hover\">\n\t\t\t\t\t\t\t\t\t\t\t\t\t<\/span>\n\t\t\t\t\t\t\t\t\t<\/div>\n\t\t\t<\/div>\n\t\t\t\t\t\t\t\t\t\t\t<div class=\"qode-aig-image qode-item-space qode-aig-default-masonry-item\">\n\t\t\t\t<div class=\"qode-aig-image-inner\">\n\t\t\t\t\t\t\t\t\t\t\t<img loading=\"lazy\" decoding=\"async\" width=\"800\" height=\"800\" src=\"https:\/\/kaczowkafizjoterapia.pl\/wp-content\/uploads\/2025\/03\/fizjoterapia-dla-dzieci-i-doroslych.jpg\" class=\"attachment-full size-full\" alt=\"\" srcset=\"https:\/\/kaczowkafizjoterapia.pl\/wp-content\/uploads\/2025\/03\/fizjoterapia-dla-dzieci-i-doroslych.jpg 800w, https:\/\/kaczowkafizjoterapia.pl\/wp-content\/uploads\/2025\/03\/fizjoterapia-dla-dzieci-i-doroslych-300x300.jpg 300w, https:\/\/kaczowkafizjoterapia.pl\/wp-content\/uploads\/2025\/03\/fizjoterapia-dla-dzieci-i-doroslych-100x100.jpg 100w, https:\/\/kaczowkafizjoterapia.pl\/wp-content\/uploads\/2025\/03\/fizjoterapia-dla-dzieci-i-doroslych-600x600.jpg 600w, https:\/\/kaczowkafizjoterapia.pl\/wp-content\/uploads\/2025\/03\/fizjoterapia-dla-dzieci-i-doroslych-150x150.jpg 150w, https:\/\/kaczowkafizjoterapia.pl\/wp-content\/uploads\/2025\/03\/fizjoterapia-dla-dzieci-i-doroslych-768x768.jpg 768w, https:\/\/kaczowkafizjoterapia.pl\/wp-content\/uploads\/2025\/03\/fizjoterapia-dla-dzieci-i-doroslych-570x570.jpg 570w, https:\/\/kaczowkafizjoterapia.pl\/wp-content\/uploads\/2025\/03\/fizjoterapia-dla-dzieci-i-doroslych-500x500.jpg 500w, https:\/\/kaczowkafizjoterapia.pl\/wp-content\/uploads\/2025\/03\/fizjoterapia-dla-dzieci-i-doroslych-700x700.jpg 700w, https:\/\/kaczowkafizjoterapia.pl\/wp-content\/uploads\/2025\/03\/fizjoterapia-dla-dzieci-i-doroslych-650x650.jpg 650w\" sizes=\"(max-width: 800px) 100vw, 800px\" \/>\t\t\t\t\t\t<span class=\"aig-gallery-hover\">\n\t\t\t\t\t\t\t\t\t\t\t\t\t<\/span>\n\t\t\t\t\t\t\t\t\t<\/div>\n\t\t\t<\/div>\n\t\t\t\t\t\t<\/div>\n<\/div>[vc_empty_space height=&#8221;40px&#8221;][vc_column_text css=&#8221;&#8221;]<\/p>\n<h2 style=\"text-align: center;\"><span style=\"color: #000000;\"><b>Przestronna sala treningowa \u2013 kompleksowa rehabilitacja<\/b><\/span><\/h2>\n<p>[\/vc_column_text][vc_column_text css=&#8221;&#8221;]<\/p>\n<p class=\"p1\" style=\"text-align: center;\"><span style=\"color: #000000;\">Dysponujemy nowoczesn\u0105 sal\u0105 treningow\u0105 wyposa\u017con\u0105 w sprz\u0119t rehabilitacyjny, co pozwala na indywidualne \u0107wiczenia dostosowane do potrzeb pacjenta. To kluczowy element skutecznej terapii, kt\u00f3ry pomaga utrwali\u0107 efekty leczenia.<\/span><\/p>\n<p>[\/vc_column_text][vc_empty_space height=&#8221;40px&#8221;][vc_column_text css=&#8221;&#8221;]<\/p>\n<h2 class=\"p3\" style=\"text-align: center;\"><span style=\"color: #000000;\"><b>Dlaczego warto wybra\u0107 nasz gabinet?<\/b><b><\/b><\/span><\/h2>\n<p class=\"p1\" style=\"text-align: center;\"><span style=\"color: #000000;\">&#x2714; <span class=\"s1\"><b>Holistyczne podej\u015bcie<\/b><\/span> \u2013 \u0142\u0105czymy terapi\u0119 manualn\u0105, nowoczesne technologie i \u0107wiczenia terapeutyczne.<\/span><\/p>\n<p class=\"p1\" style=\"text-align: center;\"><span style=\"color: #000000;\">&#x2714; <span class=\"s1\"><b>Indywidualny plan leczenia<\/b><\/span> \u2013 ka\u017cda terapia dostosowana jest do potrzeb pacjenta.<\/span><\/p>\n<p class=\"p1\" style=\"text-align: center;\"><span style=\"color: #000000;\">&#x2714; <span class=\"s1\"><b>Nowoczesne metody<\/b><\/span> \u2013 stosujemy najnowsze rozwi\u0105zania w fizjoterapii, takie jak Winback i terapia Busquet.<\/span><\/p>\n<p class=\"p1\" style=\"text-align: center;\"><span style=\"color: #000000;\">&#x2714; <span class=\"s1\"><b>Do\u015bwiadczenie i profesjonalizm<\/b><\/span> \u2013 wieloletnia praktyka w kraju i za granic\u0105.<\/span><\/p>\n<p class=\"p1\" style=\"text-align: center;\"><span style=\"color: #000000;\">&#x2714; <span class=\"s1\"><b>Komfort i skuteczno\u015b\u0107<\/b><\/span> \u2013 szybkie efekty, minimalny dyskomfort i przyjazna atmosfera.<\/span><\/p>\n<p class=\"p1\" style=\"text-align: center;\"><span style=\"color: #000000;\">Naszym celem jest <span class=\"s1\"><b>nie tylko redukcja b\u00f3lu, ale przede wszystkim eliminacja jego przyczyn<\/b><\/span>, co pozwala na d\u0142ugotrwa\u0142e efekty i popraw\u0119 jako\u015bci \u017cycia.<\/span><\/p>\n<p class=\"p4\" style=\"text-align: center;\"><span style=\"color: #000000;\"><b>Zapraszamy do Wojtanowska Clinic \u2013 miejsca, gdzie nowoczesna fizjoterapia spotyka si\u0119 z indywidualnym podej\u015bciem do pacjenta!<\/b><\/span><\/p>\n<p>[\/vc_column_text][vc_empty_space height=&#8221;40px&#8221;][vc_empty_space height=&#8221;40px&#8221;][\/vc_column][\/vc_row]<\/p>\n<\/div>","protected":false},"excerpt":{"rendered":"<p>[vc_row css_animation=&#8221;&#8221; row_type=&#8221;row&#8221; use_row_as_full_screen_section=&#8221;no&#8221; type=&#8221;grid&#8221; angled_section=&#8221;no&#8221; text_align=&#8221;left&#8221; background_image_as_pattern=&#8221;without_pattern&#8221; z_index=&#8221;&#8221;][vc_column][vc_empty_space height=&#8221;40px&#8221;][vc_empty_space height=&#8221;40px&#8221;][vc_column_text css=&#8221;&#8221;] MOJE DO\u015aWIADCZENIE: [\/vc_column_text][vc_empty_space height=&#8221;40px&#8221;][vc_column_text css=&#8221;&#8221;] Jestem do\u015bwiadczonym fizjoterapeut\u0105 z tytu\u0142em magistra wychowania fizycznego, uzyskanym w 2009 roku na Akademii Wychowania Fizycznego we Wroc\u0142awiu. Swoje do\u015bwiadczenie zawodowe zdobywa\u0142em zar\u00f3wno w Polsce, jak i za&#8230;<\/p>\n","protected":false},"author":1,"featured_media":0,"parent":0,"menu_order":0,"comment_status":"closed","ping_status":"closed","template":"full_width.php","meta":{"content-type":"","footnotes":""},"class_list":["post-167","page","type-page","status-publish","hentry"],"_links":{"self":[{"href":"https:\/\/kaczowkafizjoterapia.pl\/index.php\/wp-json\/wp\/v2\/pages\/167","targetHints":{"allow":["GET"]}}],"collection":[{"href":"https:\/\/kaczowkafizjoterapia.pl\/index.php\/wp-json\/wp\/v2\/pages"}],"about":[{"href":"https:\/\/kaczowkafizjoterapia.pl\/index.php\/wp-json\/wp\/v2\/types\/page"}],"author":[{"embeddable":true,"href":"https:\/\/kaczowkafizjoterapia.pl\/index.php\/wp-json\/wp\/v2\/users\/1"}],"replies":[{"embeddable":true,"href":"https:\/\/kaczowkafizjoterapia.pl\/index.php\/wp-json\/wp\/v2\/comments?post=167"}],"version-history":[{"count":27,"href":"https:\/\/kaczowkafizjoterapia.pl\/index.php\/wp-json\/wp\/v2\/pages\/167\/revisions"}],"predecessor-version":[{"id":498,"href":"https:\/\/kaczowkafizjoterapia.pl\/index.php\/wp-json\/wp\/v2\/pages\/167\/revisions\/498"}],"wp:attachment":[{"href":"https:\/\/kaczowkafizjoterapia.pl\/index.php\/wp-json\/wp\/v2\/media?parent=167"}],"curies":[{"name":"wp","href":"https:\/\/api.w.org\/{rel}","templated":true}]}}